Let q(j) = -3*j**3 - 3*j - 1. Let h be q(-2). Suppose 5*l + 16 = -h. Let n be l/6 + (-21)/(-6). What is the highest common factor of n and 6?
2
Let i(h) = -h**2 - 13*h - 33. Let t be i(-9). Let p be ((-14)/t)/((-64)/672). What is the highest common divisor of 49 and p?
49
Let g be 1/(-5) + 18905/25. Calculate the greatest common divisor of 36 and g.
36
Suppose 0 = 340*b - 341*b + 104. Calculate the greatest common divisor of 325 and b.
13
Let d(v) be the third derivative of v**6/40 - v**4/8 - v**3/3 + 10*v**2. Let l be d(3). What is the highest common factor of 35 and l?
35
Suppose -253 = -k + 50*v - 52*v, 3*k - 5*v - 737 = 0. What is the highest common divisor of k and 664?
83
Suppose 3*a + 0*l - 28 = -4*l, 0 = 3*a + l - 34. What is the greatest common divisor of 1500 and a?
12
Suppose 2*w = 4*h - 138, 4*h = -14*w + 12*w + 118. Calculate the highest common divisor of h and 352.
32
Let l = -125 - -225. What is the highest common divisor of l and 4?
4
Let x be 43/215 - 448/(-10). What is the greatest common divisor of x and 600?
15
Let a(m) = m**3 - 6*m**2 - 37. Let i be a(8). What is the highest common factor of i and 13?
13
Let y(g) be the third derivative of -g**5/60 - g**4/12 + 64*g**3/3 + g**2 - 14*g. Let o be y(0). What is the highest common factor of 16 and o?
16
Let r = -16 - -51. What is the highest common factor of 315 and r?
35
Suppose p - 8 = -5*h + 13, -3*h = -4*p - 31. Let r(q) = -q**2 + 1. Let t be r(2). Let g be (-10)/t*21/2. Calculate the highest common divisor of g and h.
5
Suppose -3*q = -q + h - 49, -140 = -5*q + h. Let d = q - 5. What is the highest common factor of d and 22?
22
Suppose -o + p + 35 = 0, 4*o = -o + p + 175. Calculate the highest common divisor of 700 and o.
35
Suppose 2*h - 26 = -2*m, -4*h = 12 - 16. Suppose 16 + 377 = f. Suppose -a = 3*t - 2*a - f, 2*a - 6 = 0. What is the highest common factor of m and t?
12
Let b be (24/(-4))/(0 - -1). Let i(o) = 2*o**2 + 11*o - 1. Let y be i(b). Calculate the highest common divisor of 2 and y.
1
Let f be 2060/(-45) + (-4)/18. Let b = f + 71. What is the greatest common factor of b and 5?
5
Let g = 103 - 87. Let b be 1/(-1 - (-4)/3). Suppose u = -3*d - 0*u + 49, 53 = b*d + 5*u. What is the greatest common factor of g and d?
16
Suppose 0*z - 12 = -4*k + 2*z, -5*z - 16 = 4*k. Let a be k + 6 + (-8 - -3). Calculate the highest common factor of 16 and a.
2
Suppose -31*t + 26*t = -260. Calculate the greatest common factor of t and 4.
4
Let r = 8 - 5. Let a(q) be the second derivative of q**4/3 - q**3/6 - 3*q**2/2 + 2*q. Let u be a(r). Calculate the highest common divisor of 20 and u.
10
Suppose 7*m - 6*m + 2*o = 693, o + 1411 = 2*m. What is the highest common divisor of 37 and m?
37
Suppose -12*g + 7*g + 35 = 0. Suppose -163 = -g*c - 9. What is the greatest common factor of 110 and c?
22
Suppose 10 = m - 18. Calculate the greatest common divisor of m and 238.
14
Suppose -7*p + 4*w + 1152 = -6*p, -4*p - 3*w = -4665. What is the highest common divisor of 12 and p?
12
Suppose -4*h + 9*h - 70 = 0. Let b be 3 + 3/((-9)/(-318)). Let g = 221 - b. Calculate the greatest common divisor of g and h.
14
Let q(u) = -u - 9. Let p be q(-16). Let a(d) = -d**2 + 6*d + 17. Let h be a(p). Calculate the highest common divisor of h and 4.
2
Let m(o) = 397*o - 16 - o**3 - 8*o**2 + 2*o**3 - 391*o - 3. Let p be m(8). Calculate the highest common factor of 232 and p.
29
Suppose -23 = -2*p + 2*t + 21, p + 4*t = 47. Calculate the highest common divisor of 9 and p.
9
Let j(w) = 3*w - 17. Let n be j(9). Suppose -17*c = -6*c - 66. What is the greatest common factor of n and c?
2
Let k = 20 + -6. Let l = k - 14. Suppose -2*i = -4*x - 118, 5*x + l*x - 82 = -2*i. What is the greatest common divisor of 17 and i?
17
Let l be 267/12 - ((-70)/(-8))/7. What is the highest common divisor of l and 60?
3
Suppose -18*p - 6*p + 12672 = 0. What is the highest common divisor of 33 and p?
33
Suppose 4*t + 2*l - 90 = 0, -7*l + 17 + 58 = 2*t. Let h(d) = d**2 - d + 20. Let i be h(0). Calculate the highest common divisor of i and t.
20
Let x(a) = a**2 - 5*a + 10. Let f be x(7). Let r be 176/f + (-4)/(-6). What is the highest common divisor of 88 and r?
8
Let h(x) = 15*x + 8*x**2 + 30 - 15*x**2 + 8*x**2. Let u be h(-14). Calculate the highest common divisor of u and 144.
16
Let m(a) = -171*a + 21. Let b be m(-1). Suppose 69 = 5*x - 51. Calculate the highest common divisor of x and b.
24
Suppose 16*n + 229 - 421 = 0. Calculate the greatest common factor of n and 1500.
12
Let s = -10 + 5. Let l be ((-52)/4)/(s - -4). What is the greatest common factor of l and 117?
13
Let k = 358 + -328. What is the greatest common factor of 480 and k?
30
Let j be (3/6)/((-2)/596). Let x = j - -242. Let l be ((-2)/3)/((-11)/1023). What is the highest common factor of l and x?
31
Let s = 35 - 3. Suppose -2*m + 346 = -4*i + 5*i, 3*i + 5*m = 1041. What is the highest common divisor of s and i?
32
Let s(x) = x**3 + 54*x**2 - 57*x - 91. Let v be s(-55). Calculate the greatest common divisor of v and 437.
19
Suppose 0 = 2*c + 8, 34*i - 39*i + c + 2254 = 0. Calculate the greatest common factor of i and 25.
25
Let v = -2 + 4. Suppose -v*n + 3*n = 16. What is the greatest common divisor of n and 4?
4
Let g(q) be the third derivative of q**4/24 + 100*q**3/3 + 53*q**2. Let m be g(0). What is the highest common divisor of 40 and m?
40
Suppose 1215 = 2*w + 7*w. Suppose 0 = -5*y + 5*s + w, 2*s + 120 = 3*y + 2*y. Calculate the greatest common divisor of 2 and y.
2
Suppose 5 = -2*y + y - 4*x, 4*y - x = -3. Let i be 3*((y - -3) + -1). Let c be 12/20 - 2/(-5). What is the greatest common divisor of c and i?
1
Let t be ((-10)/8)/(-8 + 5742/720). What is the highest common divisor of t and 4?
2
Let d = 1414 + -1354. Calculate the highest common factor of d and 285.
15
Suppose 4*n + 6*i - 200 = i, 0 = -n - i + 50. What is the greatest common factor of n and 40?
10
Suppose -67*d = -63*d - 32. What is the highest common factor of d and 344?
8
Let j(f) = 83*f - 61. Let n be j(1). Calculate the highest common factor of n and 6.
2
Suppose -5*x + 89 = -11. Suppose -x = -2*k + 40. Suppose -5*u = -2*u - 36. Calculate the greatest common factor of k and u.
6
Let g(m) = m**3 + 7*m**2 + 4*m + 1. Suppose 15 = -2*h - 3*z + 4*z, -3*z - 10 = 5*h. Let b be g(h). What is the greatest common divisor of b and 31?
31
Let a be (-47)/(-3) + 460/345. Calculate the greatest common factor of a and 2533.
17
Let w = 43 + -43. Let x(o) = 3*o + o - 4*o + 120 - 2*o. Let v be x(w). Calculate the highest common factor of v and 80.
40
Let l be (102/(-8))/((-3)/88). What is the greatest common divisor of l and 44?
22
Let l = -27 - -20. Let u(k) = k**3 + 10*k**2 - 2*k - 7. Let g be u(l). Calculate the highest common divisor of g and 14.
14
Let q = -23 + 27. Suppose q + 6 = 2*l - 5*c, -5*c = l - 5. Calculate the highest common divisor of 55 and l.
5
Let p be ((-60)/(-8)*-6)/(-1). Calculate the greatest common factor of 90 and p.
45
Let y be (94/235)/((-1)/(-30*1)). What is the greatest common divisor of 132 and y?
12
Let f(b) be the third derivative of -67*b**4/24 - 7*b**3/6 - 5*b**2. Let d be f(-4). Calculate the greatest common factor of d and 29.
29
Let h be 4*((-1 - 0) + (-4)/(-8)). Let u be 6/21 + 136/(-28)*h. What is the greatest common factor of u and 30?
10
Let l(b) = b - 1. Let x be l(2). Let d(j) = 261*j**3 - j. Let h be d(x). Let y be h/8*12/15. Calculate the greatest common factor of 39 and y.
13
Let p(y) = 81*y - 39. Let z be p(2). Calculate the greatest common divisor of z and 3.
3
Let m = 20 + 125. Suppose 2*q - m = -3*q. Suppose 2*z + j - q = 0, -2*z - 37 = -3*z + 4*j. What is the greatest common divisor of z and 187?
17
Let g = -799 - -809. What is the highest common factor of g and 55?
5
Let h(w) = 6*w**3 - 8*w**2 + 20*w - 2. Let u be h(5). What is the greatest common divisor of u and 72?
72
Let t = 96 + -66. Suppose -5*v - t = -95. Calculate the highest common divisor of v and 52.
13
Let z(d) = 3*d**2 + 3*d. Let a be z(-4). Let b(x) = 4*x - 20. Let t be b(8). Calculate the highest common divisor of t and a.
12
Suppose 0 = -13*h + 9*h + 24. Let i be ((-102)/5)/(3*h/(-135)). What is the highest common factor of i and 17?
17
Let h(u) = -3*u**2 - 50*u + 77. Let b(g) = -g**2 - 25*g +